{"id":7511,"date":"2024-07-11T13:11:34","date_gmt":"2024-07-11T17:11:34","guid":{"rendered":"https:\/\/blackhorsetrailers.ca\/?page_id=7511"},"modified":"2024-11-19T10:20:29","modified_gmt":"2024-11-19T15:20:29","slug":"bh-warrantyregistration","status":"publish","type":"page","link":"https:\/\/blackscreek.ca\/blackhorsetrailers\/bh-warrantyregistration\/","title":{"rendered":"BH WarrantyRegistration"},"content":{"rendered":"<p><div class=\"fusion-fullwidth fullwidth-box fusion-builder-row-1 fusion-flex-container has-pattern-background has-mask-background nonhundred-percent-fullwidth non-hundred-percent-height-scrolling\" style=\"--awb-border-radius-top-left:0px;--awb-border-radius-top-right:0px;--awb-border-radius-bottom-right:0px;--awb-border-radius-bottom-left:0px;--awb-padding-right:23px;--awb-flex-wrap:wrap;\" ><div class=\"fusion-builder-row fusion-row fusion-flex-align-items-flex-start fusion-flex-content-wrap\" style=\"max-width:1144px;margin-left: calc(-4% \/ 2 );margin-right: calc(-4% \/ 2 );\"><div class=\"fusion-layout-column fusion_builder_column fusion-builder-column-0 fusion_builder_column_1_2 1_2 fusion-flex-column\" style=\"--awb-padding-bottom-small:0px;--awb-bg-size:cover;--awb-width-large:50%;--awb-margin-top-large:18px;--awb-spacing-right-large:0%;--awb-margin-bottom-large:0px;--awb-spacing-left-large:6.912%;--awb-width-medium:100%;--awb-order-medium:0;--awb-spacing-right-medium:1.92%;--awb-spacing-left-medium:1.92%;--awb-width-small:100%;--awb-order-small:0;--awb-margin-top-small:0px;--awb-spacing-right-small:15.168%;--awb-margin-bottom-small:0px;--awb-spacing-left-small:22.176%;\"><div class=\"fusion-column-wrapper fusion-column-has-shadow fusion-flex-justify-content-flex-start fusion-content-layout-column\"><div class=\"fusion-image-element sm-text-align-center\" style=\"--awb-caption-title-font-family:var(--h2_typography-font-family);--awb-caption-title-font-weight:var(--h2_typography-font-weight);--awb-caption-title-font-style:var(--h2_typography-font-style);--awb-caption-title-size:var(--h2_typography-font-size);--awb-caption-title-transform:var(--h2_typography-text-transform);--awb-caption-title-line-height:var(--h2_typography-line-height);--awb-caption-title-letter-spacing:var(--h2_typography-letter-spacing);\"><span class=\" fusion-imageframe imageframe-none imageframe-1 hover-type-none\"><img decoding=\"async\" width=\"150\" height=\"150\" title=\"Black Horse Logo Icon\" src=\"https:\/\/blackscreek.ca\/blackhorsetrailers\/wp-content\/uploads\/2024\/07\/JUST-THE-HORSE-1-150x150.png\" alt class=\"img-responsive wp-image-7528\" srcset=\"https:\/\/blackscreek.ca\/blackhorsetrailers\/wp-content\/uploads\/2024\/07\/JUST-THE-HORSE-1-66x66.png 66w, https:\/\/blackscreek.ca\/blackhorsetrailers\/wp-content\/uploads\/2024\/07\/JUST-THE-HORSE-1-150x150.png 150w\" sizes=\"(max-width: 150px) 100vw, 150px\" \/><\/span><\/div><\/div><\/div><div class=\"fusion-layout-column fusion_builder_column fusion-builder-column-1 fusion_builder_column_1_2 1_2 fusion-flex-column\" style=\"--awb-bg-size:cover;--awb-width-large:50%;--awb-margin-top-large:23px;--awb-spacing-right-large:3.84%;--awb-margin-bottom-large:0px;--awb-spacing-left-large:2.304%;--awb-width-medium:100%;--awb-order-medium:0;--awb-spacing-right-medium:1.92%;--awb-spacing-left-medium:1.92%;--awb-width-small:100%;--awb-order-small:0;--awb-spacing-right-small:1.92%;--awb-spacing-left-small:4.512%;\"><div class=\"fusion-column-wrapper fusion-column-has-shadow fusion-flex-justify-content-flex-start fusion-content-layout-column\"><div class=\"fusion-separator\" style=\"align-self: center;margin-left: auto;margin-right: auto;margin-bottom:10px;width:100%;max-width:800px;\"><div class=\"fusion-separator-border sep-single sep-solid\" style=\"--awb-height:20px;--awb-amount:20px;border-color:#e0dede;border-top-width:2px;\"><\/div><\/div><div class=\"fusion-title title fusion-title-1 fusion-sep-none fusion-title-center fusion-title-text fusion-title-size-one\"><h1 class=\"fusion-title-heading title-heading-center fusion-responsive-typography-calculated\" style=\"margin:0;--fontSize:50;line-height:1;\"><span style=\"font-size: 39px;\" data-fusion-font=\"true\">Warranty Registration Form<\/span><br \/>\n<span style=\"font-size: 26px;\" data-fusion-font=\"true\">Formulaire d\u2019Enregistrement de Garantie<\/span><\/h1><\/div><div class=\"fusion-separator\" style=\"align-self: center;margin-left: auto;margin-right: auto;margin-top:-10px;margin-bottom:10px;width:100%;max-width:800px;\"><div class=\"fusion-separator-border sep-single sep-solid\" style=\"--awb-height:20px;--awb-amount:20px;border-color:#e0dede;border-top-width:2px;\"><\/div><\/div><div class=\"fusion-image-element \" style=\"--awb-caption-title-font-family:var(--h2_typography-font-family);--awb-caption-title-font-weight:var(--h2_typography-font-weight);--awb-caption-title-font-style:var(--h2_typography-font-style);--awb-caption-title-size:var(--h2_typography-font-size);--awb-caption-title-transform:var(--h2_typography-text-transform);--awb-caption-title-line-height:var(--h2_typography-line-height);--awb-caption-title-letter-spacing:var(--h2_typography-letter-spacing);\"><span class=\" fusion-imageframe imageframe-none imageframe-2 hover-type-none\"><img decoding=\"async\" width=\"1714\" height=\"717\" alt=\"4 Good Reasons Warranty\" title=\"4 Good Reasons\" src=\"https:\/\/blackscreek.ca\/blackhorsetrailers\/wp-content\/uploads\/2024\/08\/4-Good-Reasons.png\" class=\"img-responsive wp-image-7749\" srcset=\"https:\/\/blackscreek.ca\/blackhorsetrailers\/wp-content\/uploads\/2024\/08\/4-Good-Reasons-200x84.png 200w, https:\/\/blackscreek.ca\/blackhorsetrailers\/wp-content\/uploads\/2024\/08\/4-Good-Reasons-400x167.png 400w, https:\/\/blackscreek.ca\/blackhorsetrailers\/wp-content\/uploads\/2024\/08\/4-Good-Reasons-600x251.png 600w, https:\/\/blackscreek.ca\/blackhorsetrailers\/wp-content\/uploads\/2024\/08\/4-Good-Reasons-800x335.png 800w, https:\/\/blackscreek.ca\/blackhorsetrailers\/wp-content\/uploads\/2024\/08\/4-Good-Reasons-1200x502.png 1200w, https:\/\/blackscreek.ca\/blackhorsetrailers\/wp-content\/uploads\/2024\/08\/4-Good-Reasons.png 1714w\" sizes=\"(max-width: 1024px) 100vw, (max-width: 640px) 100vw, 600px\" \/><\/span><\/div><div class=\"fusion-text fusion-text-1\"><div style=\"text-align: left;\"><span style=\"font-family: var(--body_typography-font-family); font-size: 12px; font-style: var(--body_typography-font-style,normal); font-weight: var(--body_typography-font-weight); letter-spacing: var(--body_typography-letter-spacing); color: #336768;\" data-fusion-font=\"true\">1. Free 1-Year parts and labour warranty.<\/span><\/div>\n<div style=\"text-align: left;\"><span style=\"font-family: var(--body_typography-font-family); font-size: 12px; font-style: var(--body_typography-font-style,normal); font-weight: var(--body_typography-font-weight); letter-spacing: var(--body_typography-letter-spacing);\" data-fusion-font=\"true\"> Garantie gratuite d\u2019un an sur les pi\u00e8ces et la main-d\u2019\u0153uvre.<\/span><\/div>\n<div style=\"text-align: left;\"><span style=\"font-family: var(--body_typography-font-family); font-size: 12px; font-style: var(--body_typography-font-style,normal); font-weight: var(--body_typography-font-weight); letter-spacing: var(--body_typography-letter-spacing); color: #336768;\" data-fusion-font=\"true\">2. Call one of our technicians and you will speak with a real person.<\/span><\/div>\n<div style=\"text-align: left;\"><span style=\"font-family: var(--body_typography-font-family); font-size: 12px; font-style: var(--body_typography-font-style,normal); font-weight: var(--body_typography-font-weight); letter-spacing: var(--body_typography-letter-spacing);\" data-fusion-font=\"true\"> Appelez l\u2019un de nos techniciens et vous parlerez \u00e0 une personne r\u00e9elle.<\/span><\/div>\n<div style=\"text-align: left;\"><span style=\"font-family: var(--body_typography-font-family); font-size: 12px; font-style: var(--body_typography-font-style,normal); font-weight: var(--body_typography-font-weight); letter-spacing: var(--body_typography-letter-spacing); color: #336768;\" data-fusion-font=\"true\">3. Be the first to know about our latest news, sales and events.<\/span><\/div>\n<div style=\"text-align: left;\"><span style=\"color: #8e8e8e; font-family: var(--body_typography-font-family); font-size: 12px; font-style: var(--body_typography-font-style,normal); font-weight: var(--body_typography-font-weight); letter-spacing: var(--body_typography-letter-spacing);\" data-fusion-font=\"true\"> Soyez le premier inform\u00e9 de nos derni\u00e8res actualit\u00e9s, ventes et \u00e9v\u00e9nements.<\/span><\/div>\n<div style=\"text-align: left;\"><span style=\"font-family: var(--body_typography-font-family); font-size: 12px; font-style: var(--body_typography-font-style,normal); font-weight: var(--body_typography-font-weight); letter-spacing: var(--body_typography-letter-spacing); color: #336768;\" data-fusion-font=\"true\">4. It only takes a few moments.<\/span><\/div>\n<div style=\"text-align: left;\"><span style=\"color: #8e8e8e; font-family: var(--body_typography-font-family); font-size: 12px; font-style: var(--body_typography-font-style,normal); font-weight: var(--body_typography-font-weight); letter-spacing: var(--body_typography-letter-spacing);\" data-fusion-font=\"true\"> Cela ne prend que quelques instants.<\/span><\/div>\n<\/div><\/div><\/div><\/div><\/div><div class=\"fusion-fullwidth fullwidth-box fusion-builder-row-2 fusion-flex-container has-pattern-background has-mask-background nonhundred-percent-fullwidth non-hundred-percent-height-scrolling\" style=\"--awb-border-radius-top-left:0px;--awb-border-radius-top-right:0px;--awb-border-radius-bottom-right:0px;--awb-border-radius-bottom-left:0px;--awb-flex-wrap:wrap;\" ><div class=\"fusion-builder-row fusion-row fusion-flex-align-items-flex-start fusion-flex-content-wrap\" style=\"max-width:1144px;margin-left: calc(-4% \/ 2 );margin-right: calc(-4% \/ 2 );\"><div class=\"fusion-layout-column fusion_builder_column fusion-builder-column-2 fusion_builder_column_1_1 1_1 fusion-flex-column\" style=\"--awb-bg-size:cover;--awb-width-large:100%;--awb-margin-top-large:0px;--awb-spacing-right-large:1.92%;--awb-margin-bottom-large:20px;--awb-spacing-left-large:1.92%;--awb-width-medium:100%;--awb-order-medium:0;--awb-spacing-right-medium:1.92%;--awb-spacing-left-medium:1.92%;--awb-width-small:100%;--awb-order-small:0;--awb-spacing-right-small:1.92%;--awb-spacing-left-small:1.92%;\"><div class=\"fusion-column-wrapper fusion-column-has-shadow fusion-flex-justify-content-flex-start fusion-content-layout-column\"><div class=\"fusion-separator fusion-full-width-sep\" style=\"align-self: center;margin-left: auto;margin-right: auto;margin-top:20PX;width:100%;\"><div class=\"fusion-separator-border sep-double\" style=\"--awb-height:20px;--awb-amount:20px;border-color:#e0dede;border-top-width:1px;border-bottom-width:1px;\"><\/div><\/div><\/div><\/div><\/div><\/div><div class=\"fusion-fullwidth fullwidth-box fusion-builder-row-3 fusion-flex-container nonhundred-percent-fullwidth non-hundred-percent-height-scrolling\" style=\"--awb-border-radius-top-left:0px;--awb-border-radius-top-right:0px;--awb-border-radius-bottom-right:0px;--awb-border-radius-bottom-left:0px;--awb-background-color:#cccccc;--awb-flex-wrap:wrap;\" ><div class=\"fusion-builder-row fusion-row fusion-flex-align-items-flex-start fusion-flex-content-wrap\" style=\"max-width:1144px;margin-left: calc(-4% \/ 2 );margin-right: calc(-4% \/ 2 );\"><div class=\"fusion-layout-column fusion_builder_column fusion-builder-column-3 fusion_builder_column_1_1 1_1 fusion-flex-column fusion-flex-align-self-center\" style=\"--awb-bg-size:cover;--awb-width-large:100%;--awb-margin-top-large:0px;--awb-spacing-right-large:4.8%;--awb-margin-bottom-large:20px;--awb-spacing-left-large:3.936%;--awb-width-medium:100%;--awb-order-medium:0;--awb-spacing-right-medium:1.92%;--awb-spacing-left-medium:1.92%;--awb-width-small:100%;--awb-order-small:0;--awb-spacing-right-small:4.416%;--awb-spacing-left-small:4.896%;\"><div class=\"fusion-column-wrapper fusion-column-has-shadow fusion-flex-justify-content-center fusion-content-layout-column\"><\/div><\/div><\/div><\/div><\/p>\n","protected":false},"excerpt":{"rendered":"","protected":false},"author":10,"featured_media":0,"parent":0,"menu_order":0,"comment_status":"closed","ping_status":"closed","template":"","meta":{"footnotes":""},"class_list":["post-7511","page","type-page","status-publish","hentry"],"yoast_head":"<!-- This site is optimized with the Yoast SEO plugin v27.3 - https:\/\/yoast.com\/product\/yoast-seo-wordpress\/ -->\n<title>BH WarrantyRegistration - Black Horse Trailers<\/title>\n<meta name=\"robots\" content=\"index, follow, max-snippet:-1, max-image-preview:large, max-video-preview:-1\" \/>\n<link rel=\"canonical\" href=\"https:\/\/blackscreek.ca\/blackhorsetrailers\/bh-warrantyregistration\/\" \/>\n<meta property=\"og:locale\" content=\"en_US\" \/>\n<meta property=\"og:type\" content=\"article\" \/>\n<meta property=\"og:title\" content=\"BH WarrantyRegistration - Black Horse Trailers\" \/>\n<meta property=\"og:url\" content=\"https:\/\/blackscreek.ca\/blackhorsetrailers\/bh-warrantyregistration\/\" \/>\n<meta property=\"og:site_name\" content=\"Black Horse Trailers\" \/>\n<meta property=\"article:publisher\" content=\"https:\/\/www.facebook.com\/firewoodprocessors\/\" \/>\n<meta property=\"article:modified_time\" content=\"2024-11-19T15:20:29+00:00\" \/>\n<meta name=\"twitter:card\" content=\"summary_large_image\" \/>\n<meta name=\"twitter:label1\" content=\"Est. reading time\" \/>\n\t<meta name=\"twitter:data1\" content=\"4 minutes\" \/>\n<script type=\"application\/ld+json\" class=\"yoast-schema-graph\">{\"@context\":\"https:\\\/\\\/schema.org\",\"@graph\":[{\"@type\":\"WebPage\",\"@id\":\"https:\\\/\\\/blackscreek.ca\\\/blackhorsetrailers\\\/bh-warrantyregistration\\\/\",\"url\":\"https:\\\/\\\/blackscreek.ca\\\/blackhorsetrailers\\\/bh-warrantyregistration\\\/\",\"name\":\"BH WarrantyRegistration - Black Horse Trailers\",\"isPartOf\":{\"@id\":\"https:\\\/\\\/blackscreek.ca\\\/blackhorsetrailers\\\/#website\"},\"datePublished\":\"2024-07-11T17:11:34+00:00\",\"dateModified\":\"2024-11-19T15:20:29+00:00\",\"breadcrumb\":{\"@id\":\"https:\\\/\\\/blackscreek.ca\\\/blackhorsetrailers\\\/bh-warrantyregistration\\\/#breadcrumb\"},\"inLanguage\":\"en-CA\",\"potentialAction\":[{\"@type\":\"ReadAction\",\"target\":[\"https:\\\/\\\/blackscreek.ca\\\/blackhorsetrailers\\\/bh-warrantyregistration\\\/\"]}]},{\"@type\":\"BreadcrumbList\",\"@id\":\"https:\\\/\\\/blackscreek.ca\\\/blackhorsetrailers\\\/bh-warrantyregistration\\\/#breadcrumb\",\"itemListElement\":[{\"@type\":\"ListItem\",\"position\":1,\"name\":\"Home\",\"item\":\"https:\\\/\\\/blackscreek.ca\\\/blackhorsetrailers\\\/\"},{\"@type\":\"ListItem\",\"position\":2,\"name\":\"BH WarrantyRegistration\"}]},{\"@type\":\"WebSite\",\"@id\":\"https:\\\/\\\/blackscreek.ca\\\/blackhorsetrailers\\\/#website\",\"url\":\"https:\\\/\\\/blackscreek.ca\\\/blackhorsetrailers\\\/\",\"name\":\"Black Horse Trailers\",\"description\":\"Road and Forestry Trailers\",\"publisher\":{\"@id\":\"https:\\\/\\\/blackscreek.ca\\\/blackhorsetrailers\\\/#organization\"},\"potentialAction\":[{\"@type\":\"SearchAction\",\"target\":{\"@type\":\"EntryPoint\",\"urlTemplate\":\"https:\\\/\\\/blackscreek.ca\\\/blackhorsetrailers\\\/?s={search_term_string}\"},\"query-input\":{\"@type\":\"PropertyValueSpecification\",\"valueRequired\":true,\"valueName\":\"search_term_string\"}}],\"inLanguage\":\"en-CA\"},{\"@type\":\"Organization\",\"@id\":\"https:\\\/\\\/blackscreek.ca\\\/blackhorsetrailers\\\/#organization\",\"name\":\"Blacks Creek Innovations Inc\",\"url\":\"https:\\\/\\\/blackscreek.ca\\\/blackhorsetrailers\\\/\",\"logo\":{\"@type\":\"ImageObject\",\"inLanguage\":\"en-CA\",\"@id\":\"https:\\\/\\\/blackscreek.ca\\\/blackhorsetrailers\\\/#\\\/schema\\\/logo\\\/image\\\/\",\"url\":\"https:\\\/\\\/blackscreek.ca\\\/blackhorsetrailers\\\/wp-content\\\/uploads\\\/2019\\\/04\\\/BC-Logo-with-black-writing-OL-RGB.jpg\",\"contentUrl\":\"https:\\\/\\\/blackscreek.ca\\\/blackhorsetrailers\\\/wp-content\\\/uploads\\\/2019\\\/04\\\/BC-Logo-with-black-writing-OL-RGB.jpg\",\"width\":1345,\"height\":735,\"caption\":\"Blacks Creek Innovations Inc\"},\"image\":{\"@id\":\"https:\\\/\\\/blackscreek.ca\\\/blackhorsetrailers\\\/#\\\/schema\\\/logo\\\/image\\\/\"},\"sameAs\":[\"https:\\\/\\\/www.facebook.com\\\/firewoodprocessors\\\/\",\"https:\\\/\\\/www.instagram.com\\\/blackscreekinnovations\\\/?hl=en\",\"https:\\\/\\\/www.youtube.com\\\/channel\\\/UC_LP0F6MkY37pU-ybwBpv8A\"]}]}<\/script>\n<!-- \/ Yoast SEO plugin. -->","yoast_head_json":{"title":"BH WarrantyRegistration - Black Horse Trailers","robots":{"index":"index","follow":"follow","max-snippet":"max-snippet:-1","max-image-preview":"max-image-preview:large","max-video-preview":"max-video-preview:-1"},"canonical":"https:\/\/blackscreek.ca\/blackhorsetrailers\/bh-warrantyregistration\/","og_locale":"en_US","og_type":"article","og_title":"BH WarrantyRegistration - Black Horse Trailers","og_url":"https:\/\/blackscreek.ca\/blackhorsetrailers\/bh-warrantyregistration\/","og_site_name":"Black Horse Trailers","article_publisher":"https:\/\/www.facebook.com\/firewoodprocessors\/","article_modified_time":"2024-11-19T15:20:29+00:00","twitter_card":"summary_large_image","twitter_misc":{"Est. reading time":"4 minutes"},"schema":{"@context":"https:\/\/schema.org","@graph":[{"@type":"WebPage","@id":"https:\/\/blackscreek.ca\/blackhorsetrailers\/bh-warrantyregistration\/","url":"https:\/\/blackscreek.ca\/blackhorsetrailers\/bh-warrantyregistration\/","name":"BH WarrantyRegistration - Black Horse Trailers","isPartOf":{"@id":"https:\/\/blackscreek.ca\/blackhorsetrailers\/#website"},"datePublished":"2024-07-11T17:11:34+00:00","dateModified":"2024-11-19T15:20:29+00:00","breadcrumb":{"@id":"https:\/\/blackscreek.ca\/blackhorsetrailers\/bh-warrantyregistration\/#breadcrumb"},"inLanguage":"en-CA","potentialAction":[{"@type":"ReadAction","target":["https:\/\/blackscreek.ca\/blackhorsetrailers\/bh-warrantyregistration\/"]}]},{"@type":"BreadcrumbList","@id":"https:\/\/blackscreek.ca\/blackhorsetrailers\/bh-warrantyregistration\/#breadcrumb","itemListElement":[{"@type":"ListItem","position":1,"name":"Home","item":"https:\/\/blackscreek.ca\/blackhorsetrailers\/"},{"@type":"ListItem","position":2,"name":"BH WarrantyRegistration"}]},{"@type":"WebSite","@id":"https:\/\/blackscreek.ca\/blackhorsetrailers\/#website","url":"https:\/\/blackscreek.ca\/blackhorsetrailers\/","name":"Black Horse Trailers","description":"Road and Forestry Trailers","publisher":{"@id":"https:\/\/blackscreek.ca\/blackhorsetrailers\/#organization"},"potentialAction":[{"@type":"SearchAction","target":{"@type":"EntryPoint","urlTemplate":"https:\/\/blackscreek.ca\/blackhorsetrailers\/?s={search_term_string}"},"query-input":{"@type":"PropertyValueSpecification","valueRequired":true,"valueName":"search_term_string"}}],"inLanguage":"en-CA"},{"@type":"Organization","@id":"https:\/\/blackscreek.ca\/blackhorsetrailers\/#organization","name":"Blacks Creek Innovations Inc","url":"https:\/\/blackscreek.ca\/blackhorsetrailers\/","logo":{"@type":"ImageObject","inLanguage":"en-CA","@id":"https:\/\/blackscreek.ca\/blackhorsetrailers\/#\/schema\/logo\/image\/","url":"https:\/\/blackscreek.ca\/blackhorsetrailers\/wp-content\/uploads\/2019\/04\/BC-Logo-with-black-writing-OL-RGB.jpg","contentUrl":"https:\/\/blackscreek.ca\/blackhorsetrailers\/wp-content\/uploads\/2019\/04\/BC-Logo-with-black-writing-OL-RGB.jpg","width":1345,"height":735,"caption":"Blacks Creek Innovations Inc"},"image":{"@id":"https:\/\/blackscreek.ca\/blackhorsetrailers\/#\/schema\/logo\/image\/"},"sameAs":["https:\/\/www.facebook.com\/firewoodprocessors\/","https:\/\/www.instagram.com\/blackscreekinnovations\/?hl=en","https:\/\/www.youtube.com\/channel\/UC_LP0F6MkY37pU-ybwBpv8A"]}]}},"_links":{"self":[{"href":"https:\/\/blackscreek.ca\/blackhorsetrailers\/wp-json\/wp\/v2\/pages\/7511","targetHints":{"allow":["GET"]}}],"collection":[{"href":"https:\/\/blackscreek.ca\/blackhorsetrailers\/wp-json\/wp\/v2\/pages"}],"about":[{"href":"https:\/\/blackscreek.ca\/blackhorsetrailers\/wp-json\/wp\/v2\/types\/page"}],"author":[{"embeddable":true,"href":"https:\/\/blackscreek.ca\/blackhorsetrailers\/wp-json\/wp\/v2\/users\/10"}],"replies":[{"embeddable":true,"href":"https:\/\/blackscreek.ca\/blackhorsetrailers\/wp-json\/wp\/v2\/comments?post=7511"}],"version-history":[{"count":0,"href":"https:\/\/blackscreek.ca\/blackhorsetrailers\/wp-json\/wp\/v2\/pages\/7511\/revisions"}],"wp:attachment":[{"href":"https:\/\/blackscreek.ca\/blackhorsetrailers\/wp-json\/wp\/v2\/media?parent=7511"}],"curies":[{"name":"wp","href":"https:\/\/api.w.org\/{rel}","templated":true}]}}